5))/(2418/(-16120)). What is the highest common divisor of 2490 and y?
10
Let n(x) = -38*x - 1284. Let j be n(-34). What is the highest common factor of j and 32?
8
Suppose -4*s + 12*g + 268 = 8*g, 5*s = -3*g + 367. Calculate the highest common factor of s and 4331.
71
Let w(o) = 6*o. Let j be w(1). Let y = -501 - -501. Suppose y = -5*g + 16*g - 858. Calculate the greatest common divisor of j and g.
6
Let s(q) = q**3 + 6 + 2*q - 9*q + 0*q**3 + 3*q**2. Let t = -7528 - -7532. Let y be s(t). Calculate the highest common divisor of y and 36.
18
Let t be 1 - 1/((-1)/50). Let a be (7/((-70)/15))/(8/(-32)*2). Suppose 0 = -a*g + 6*g - t. What is the highest common factor of g and 51?
17
Suppose 67*q = -11*q + 546. Let v be ((-5)/(-2))/(4/8). Suppose -84 = -q*j - v*j. Calculate the highest common factor of j and 63.
7
Suppose -3*j = -6, -54 = 3*y - j - 157. Suppose 91 = -t + 282. Let p = t - 177. Calculate the highest common divisor of p and y.
7
Let c be -1*(5 - 85 - 6). Let a = c + -46. Calculate the greatest common divisor of a and 64.
8
Let m(j) be the second derivative of 5*j**3/6 + 6*j**2 - 3*j. Let t be m(5). Let q = 64 - t. What is the greatest common factor of 9 and q?
9
Let z be (-21*12/54)/(1/(-3)). Suppose -285 + 3925 = z*c. What is the greatest common factor of 40 and c?
20
Suppose 5*c + p - 2296 - 44 = 0, -4*p + 1872 = 4*c. Calculate the highest common factor of c and 108.
36
Let h(n) = 31*n**2 - 4*n - 177. Let w be h(-22). Calculate the greatest common factor of 95 and w.
95
Let f = 109 - -40. Let y = 153 - f. What is the highest common divisor of 28 and y?
4
Let p(s) = s**3 + s**2 - 22*s - 38. Let o(d) = -2*d**2 + 1. Let w(g) = -4*o(g) + p(g). Let f be w(-9). What is the highest common divisor of 39 and f?
39
Suppose 6 = -4*g + g. Let q be (20/15)/(g*1/(-18)). Let p(h) = -3*h + 47. Let u be p(q). What is the highest common divisor of u and 88?
11
Suppose -5*s + 5 + 5 = 0. Suppose 272*b - 342 = 158*b. What is the highest common factor of s and b?
1
Let n(x) be the second derivative of 5*x**3/3 - 41*x**2 + 21*x. Let k be n(11). What is the highest common factor of 7 and k?
7
Suppose -8*z - 8*z = -15280. Let n = z + -899. Calculate the greatest common divisor of 56 and n.
56
Let h = 88 - 109. Let m be (138/56 - 6/h)*8. Calculate the highest common divisor of m and 55.
11
Let q(d) = 30*d + 296. Let h be q(-8). Calculate the greatest common factor of h and 3696.
56
Suppose 5*b + 17 - 2 = 0, -4*c - 6 = 2*b. Suppose c = -10*y + 34*y - 864. Calculate the highest common factor of 45 and y.
9
Let y(v) = -v**2 + 95*v + 505. Let x be y(-5). What is the greatest common divisor of x and 160?
5
Let r be 30*2/(-4)*-3. Let f(l) = 20*l**2 - 80*l + 134. Let w be f(2). What is the greatest common divisor of w and r?
9
Let k = 13130 - 13065. Calculate the greatest common divisor of k and 455.
65
Let m = 7119 + -5553. Calculate the highest common factor of m and 145.
29
Suppose -15*x = -21*x + 678. Suppose 124*c - x*c = 165. What is the highest common factor of 235 and c?
5
Let y(d) = 87*d**3 - 5*d - 14. Let v be y(-2). Let i be 1/((-4 - v/176)/(-1)). Calculate the greatest common divisor of i and 88.
44
Let g(b) = 6*b**3 + 4*b**2 + 0 + 3*b + 21 - 26*b**2 + 14*b**2. Let u be g(4). What is the highest common divisor of u and 17?
17
Let n be (1 + (-460)/(-50))/(2/20). Calculate the highest common divisor of n and 2108.
34
Let p = -64 - -20. Let a = p - -42. Let y be a - (2 - 6) - (-16 + 1). What is the highest common divisor of y and 136?
17
Suppose -5*d + 220 = -245. Let m = d - 88. Calculate the highest common divisor of 15 and m.
5
Let a be 456/16*(-132)/(-18). Calculate the greatest common factor of 231 and a.
11
Let f(s) = s**3 + 29*s**2 + 122*s - 67. Let w be f(-16). What is the highest common divisor of 2992 and w?
187
Suppose -4*n + 17 = x - 4*x, 0 = -6*x + n + 22. Calculate the highest common factor of x and 2705.
5
Let z = 721 - 643. Let c = -219 - -323. What is the highest common factor of c and z?
26
Suppose -2876*s - 3192 = -2878*s - 4*n, 0 = -3*s - 4*n + 4776. Calculate the greatest common divisor of 2304 and s.
144
Suppose 4*i = 5*v - 7432, -v + 68*i + 1486 = 67*i. Calculate the highest common factor of v and 93.
93
Let u(j) = -j**3 - 26*j**2 - 25*j - 4. Let g be u(-25). Let m be -5*(g - (-2 + 24/15)). What is the highest common divisor of 117 and m?
9
Suppose -2*c = -r + 22, 2*r - c - c - 54 = 0. Let s be 25/(-25) + (406 - 5). What is the highest common divisor of s and r?
16
Suppose -4*o + 24 = -20. Let d = 178 + -174. Let m be 10 + -14 + (-74)/(d/(-2)). What is the highest common divisor of o and m?
11
Let a = 1449 + -1443. Let f be (-20)/a*900/(-125). Suppose 0 = -x + 3*r + 3, -3*r + 15 = 2*r. What is the greatest common factor of f and x?
12
Let b(p) = -1250*p - 805. Let z be b(-5). What is the highest common divisor of 99 and z?
99
Let f = -138 - -193. Let z = 65 - f. What is the highest common factor of z and 80?
10
Let i = -66 - -68. Suppose i*l = -l - 15, -72 = -4*v + 4*l. Let f be (-350)/(-8) + v/52. What is the greatest common factor of f and 11?
11
Suppose -2*g + 5837 = 5111. What is the highest common divisor of 110 and g?
11
Suppose -10 = -3*n + 86. Let z be (-3)/(-36)*393 - (-66)/(-88). Calculate the greatest common divisor of z and n.
32
Suppose -10*d + 1424 = -316. Let q = 199 - d. What is the greatest common divisor of q and 575?
25
Suppose 2*f - 18 - 8 = -4*o, -3*o - 2*f = -20. Let m be (1 - (-124)/12)/(4/o). Let d be (18 - m)/(2/44). Calculate the highest common factor of 2 and d.
2
Suppose 0 = 3*a - 26 - 19. Suppose 0 = -6*f + 55 - 13. Suppose -f*z - 1080 = -16*z. Calculate the greatest common factor of z and a.
15
Let k = 2068 + -1936. What is the greatest common factor of 444 and k?
12
Let u(j) = -55*j - 78. Let r be u(-2). Calculate the greatest common divisor of r and 1152.
32
Suppose -91*c = -3*z - 89*c + 26, 5*c = 10. Calculate the greatest common factor of 262 and z.
2
Suppose -161*n + 141*n = -18680. Let f = 949 - n. What is the greatest common factor of f and 3?
3
Suppose -3*j = 9, 4*t - j + 129 = 4*j. Let i(m) = -m**3 - 36*m**2 - 4*m - 94. Let r be i(t). What is the greatest common divisor of 425 and r?
25
Suppose -68208 = -27*t - 2*t - 0*t. What is the greatest common factor of 32 and t?
16
Let u = -1631 - -1865. Calculate the highest common factor of 624 and u.
78
Let x be (-422331)/(-455) - 1/5. What is the highest common factor of 1276 and x?
116
Suppose 0 = -4*u - 15 + 99. Let t be (u/(-6))/(-7) + (-17)/2. Let g = 32 - t. What is the greatest common factor of 200 and g?
40
Suppose -2*w - 36 = -8*w. Suppose 3*r + w = 6*r, -3*u - 3*r = 24. Let y(c) = 2*c + 53. Let t be y(u). What is the greatest common factor of 33 and t?
33
Suppose 92 = -4*o - 584. Let k = o - -378. Calculate the highest common factor of 44 and k.
11
Suppose 4*g - 11*w = -15*w + 84, -3*w - 37 = -2*g. Let f(y) = -y**3 + y + 50. Let k be f(0). What is the greatest common divisor of k and g?
10
Let j be 6/54*171 - -12846. What is the greatest common divisor of 310 and j?
155
Let w be 4/54 + (38532/324 - 11). What is the greatest common factor of w and 8?
4
Let g(h) = -119*h + 157. Let m be g(1). What is the greatest common factor of m and 9082?
38
Suppose 2*x - k - 5582 - 2548 = 0, 6 = -3*k. Calculate the greatest common factor of x and 96.
32
Suppose t - 20*m + 82 = -15*m, 0 = 3*t - m + 260. Let k be (-4)/(-3)*(-5)/(10/t). What is the greatest common divisor of k and 203?
29
Suppose 337 = 3*h + 190. Suppose h = 2*f - 451. Calculate the greatest common factor of f and 10.
10
Suppose -5*i + 1 + 4 = 0, -109 = 5*x + i. Suppose -93*g + 83*g - 410 = 0. Let r = x - g. What is the greatest common factor of 57 and r?
19
Let p be (528/18)/(1/6). Let w(f) = f + 13. Let z be w(-10). Suppose -2*n - 2*j - 1 = -39, 0 = -z*n + 2*j + 72. What is the greatest common divisor of p and n?
22
Let i(u) = -u**3 + 13*u**2 + 15*u - 12. Let q be i(14). Suppose 5*d - 700 = -0*d. Suppose d = q*n + 5*n. What is the greatest common divisor of 160 and n?
20
Suppose -4*w + a = -2*a + 32, -5*w = -5*a + 45. Let t = 2 - w. Let y = -8970 + 9026. Calculate the greatest common factor of t and y.
7
Suppose 0*f = -5*f + 10. Let o(a) = 11*a**3 - 7*a**2 + 5*a - 2. Let g be o(f). Calc